 1405.
5, 281
List the prime factors of 5558.
2, 7, 397
What are the prime factors of 494?
2, 13, 19
What are the prime factors of 93966?
2, 3, 15661
List the prime factors of 23571.
3, 97
List the prime factors of 1808.
2, 113
List the prime factors of 9707.
17, 571
List the prime factors of 93983.
93983
What are the prime factors of 14187?
3, 4729
What are the prime factors of 25877?
113, 229
What are the prime factors of 1155?
3, 5, 7, 11
What are the prime factors of 3119?
3119
List the prime factors of 1851.
3, 617
List the prime factors of 2693.
2693
What are the prime factors of 28856?
2, 3607
What are the prime factors of 136?
2, 17
What are the prime factors of 583?
11, 53
List the prime factors of 430.
2, 5, 43
List the prime factors of 52625.
5, 421
What are the prime factors of 6962?
2, 59
List the prime factors of 8691.
3, 2897
What are the prime factors of 1399?
1399
What are the prime factors of 4070?
2, 5, 11, 37
What are the prime factors of 3863?
3863
What are the prime factors of 3635?
5, 727
What are the prime factors of 23508?
2, 3, 653
What are the prime factors of 5173?
7, 739
List the prime factors of 11265.
3, 5, 751
List the prime factors of 1940.
2, 5, 97
What are the prime factors of 184?
2, 23
What are the prime factors of 8838?
2, 3, 491
What are the prime factors of 4675?
5, 11, 17
What are the prime factors of 9001?
9001
List the prime factors of 6571.
6571
List the prime factors of 272.
2, 17
List the prime factors of 1588.
2, 397
List the prime factors of 966.
2, 3, 7, 23
List the prime factors of 978.
2, 3, 163
List the prime factors of 16704.
2, 3, 29
What are the prime factors of 79773?
3, 26591
List the prime factors of 3562.
2, 13, 137
List the prime factors of 7391.
19, 389
List the prime factors of 51190.
2, 5, 5119
What are the prime factors of 7279?
29, 251
What are the prime factors of 760?
2, 5, 19
What are the prime factors of 2663?
2663
List the prime factors of 18530.
2, 5, 17, 109
What are the prime factors of 21373?
11, 29, 67
What are the prime factors of 46168?
2, 29, 199
List the prime factors of 517.
11, 47
What are the prime factors of 7134?
2, 3, 29, 41
What are the prime factors of 279?
3, 31
What are the prime factors of 72178?
2, 151, 239
What are the prime factors of 19614?
2, 3, 7, 467
What are the prime factors of 2206?
2, 1103
What are the prime factors of 101186?
2, 50593
What are the prime factors of 710?
2, 5, 71
What are the prime factors of 2271?
3, 757
What are the prime factors of 3367?
7, 13, 37
What are the prime factors of 94876?
2, 23719
List the prime factors of 461.
461
What are the prime factors of 827?
827
List the prime factors of 41658.
2, 3, 53, 131
What are the prime factors of 320?
2, 5
List the prime factors of 49263.
3, 16421
List the prime factors of 121202.
2, 60601
List the prime factors of 3156.
2, 3, 263
What are the prime factors of 363?
3, 11
List the prime factors of 10638.
2, 3, 197
List the prime factors of 135160.
2, 5, 31, 109
List the prime factors of 11406.
2, 3, 1901
What are the prime factors of 4167?
3, 463
What are the prime factors of 2342?
2, 1171
What are the prime factors of 10622?
2, 47, 113
List the prime factors of 55977.
3, 47, 397
What are the prime factors of 20626?
2, 10313
What are the prime factors of 22451?
11, 13, 157
What are the prime factors of 244?
2, 61
List the prime factors of 5451.
3, 23, 79
What are the prime factors of 4636?
2, 19, 61
List the prime factors of 1447.
1447
List the prime factors of 16176.
2, 3, 337
List the prime factors of 5755.
5, 1151
List the prime factors of 625.
5
What are the prime factors of 43512?
2, 3, 7, 37
What are the prime factors of 121354?
2, 47, 1291
List the prime factors of 177492.
2, 3, 7, 2113
What are the prime factors of 69776?
2, 7, 89
List the prime factors of 1152.
2, 3
List the prime factors of 953.
953
What are the prime factors of 13813?
19, 727
What are the prime factors of 74533?
73, 1021
List the prime factors of 9.
3
List the prime factors of 1241.
17, 73
List the prime factors of 3463.
3463
List the prime factors of 7593.
3, 2531
What are the prime factors of 28201?
28201
What are the prime factors of 765?
3, 5, 17
List the prime factors of 595.
5, 7, 17
List the prime factors of 465.
3, 5, 31
What are the prime factors of 2572?
2, 643
List the prime factors of 9.
3
What are the prime factors of 2336?
2, 73
List the prime factors of 327.
3, 109
List the prime factors of 14620.
2, 5, 17, 43
List the prime factors of 1957.
19, 103
List the prime factors of 20141.
11, 1831
List the prime factors of 54163.
54163
What are the prime factors of 10767?
3, 37, 97
List the prime factors of 130546.
2, 13, 5021
List the prime factors of 89585.
5, 19, 23, 41
List the prime factors of 2786.
2, 7, 199
What are the prime factors of 48449?
48449
What are the prime factors of 38646?
2, 3, 19, 113
List the prime factors of 64559.
11, 5869
List the prime factors of 97.
97
What are the prime factors of 28146?
2, 3, 4691
What are the prime factors of 111331?
11, 29, 349
List the prime factors of 832.
2, 13
List the prime factors of 102686.
2, 51343
What are the prime factors of 634?
2, 317
List the prime factors of 367.
367
List the prime factors of 5664.
2, 3, 59
List the prime factors of 693.
3, 7, 11
List the prime factors of 16322.
2, 8161
List the prime factors of 410.
2, 5, 41
What are the prime factors of 1096?
2, 137
List the prime factors of 12588.
2, 3, 1049
List the prime factors of 948.
2, 3, 79
List the prime factors of 43478.
2, 21739
What are the prime factors of 33229?
7, 47, 101
List the prime factors of 17878.
2, 7, 1277
List the prime factors of 8883.
3, 7, 47
List the prime factors of 1321.
1321
List the prime factors of 1383.
3, 461
What are the prime factors of 12914?
2, 11, 587
What are the prime factors of 835?
5, 167
What are the prime factors of 16156?
2, 7, 577
What are the prime factors of 36843?
3, 12281
List the prime factors of 7782.
2, 3, 1297
List the prime factors of 336.
2, 3, 7
List the prime factors of 10043.
11, 83
List the prime factors of 50498.
2, 7, 3607
List the prime factors of 7212.
2, 3, 601
What are the prime factors of 2548?
2, 7, 13
What are the prime factors of 926?
2, 463
List the prime factors of 12001.
11, 1091
What are the prime factors of 1646?
2, 823
List the prime factors of 79.
79
What are the prime factors of 1419?
3, 11, 43
List the prime factors of 4627.
7, 661
List the prime factors of 215.
5, 43
List the prime factors of 30301.
157, 193
List the prime factors of 9670.
2, 5, 967
What are the prime factors of 19446?
2, 3, 7, 463
List the prime factors of 16760.
2, 5, 419
What are the prime factors of 4110?
2, 3, 5, 137
What are the prime factors of 84311?
59, 1429
What are the prime factors of 8192?
2
What are the prime factors of 1820?
2, 5, 7, 13
What are the prime factors of 213?
3, 71
List the prime factors of 1978.
2, 23, 43
List the prime factors of 7071.
3, 2357
List the prime factors of 5397.
3, 7, 257
List the prime factors of 116796.
2, 3, 9733
List the prime factors of 21.
3, 7
What are the prime factors of 10193?
10193
What are the prime factors of 3366?
2, 3, 11, 17
What are the prime factors of 41976?
2, 3, 11, 53
List the prime factors of 5872.
2, 367
What are the prime factors of 21654?
2, 3, 401
List the prime factors of 2150.
2, 5, 43
List the prime factors of 4569.
3, 1523
List the prime factors of 3943.
3943
What are the prime factors of 26893?
26893
List the prime factors of 2134.
2, 11, 97
List the prime factors of 544.
2, 17
What are the prime factors of 22842?
2, 3, 47
List the prime factors of 7890.
2, 3, 5, 263
List the prime factors of 3515.
5, 19, 37
What are the prime factors of 838?
2, 419
List the prime factors of 171041.
13, 59, 223
List the prime factors of 4794.
2, 3, 17, 47
What are the prime factors of 28974?
2, 3, 11, 439
List the prime factors of 11115.
3, 5, 13, 19
List the prime factors of 990.
2, 3, 5, 11
What are the prime factors of 13703?
71, 193
List the prime factors of 9121.
7, 1303
What are the prime factors of 272?
2, 17
What are the prime factors of 1171?
1171
List the prime factors of 73660.
2, 5, 29, 127
List the prime factors of 125016.
2, 3, 5209
What are the prime factors 